git of r?
4
Let q(o) = 12*o**2 + 3*o - 13. What is the hundreds digit of q(3)?
1
Let b be 0/2 + 0 + 4. Suppose -b*g = -4*t + 168, -5*t + 2*g + 206 = g. What is the tens digit of t?
4
Let z(w) = -w**3 - w**2 - 2*w - 8. What is the tens digit of z(-4)?
4
Suppose l + 5 - 4 = 0. What is the tens digit of l/(-3) - 188/(-12)?
1
Suppose -3*t = 2*o - 89, 0*t - t = -2*o + 101. What is the tens digit of o?
4
Let w(t) = -t**3 + 3*t**2 + 4*t. Let q(r) = 0 + 2*r + r - r - 7. Let g be q(5). What is the tens digit of w(g)?
1
Let o = 39 - 66. What is the units digit of (o/6)/(-3)*2?
3
Let k(w) = 7*w**2 - w + 3. What is the units digit of k(4)?
1
Let c(i) = 20*i**2 + 12*i + 2. Let u(w) = -7*w**2 - 4*w - 1. Let q(v) = 6*c(v) + 17*u(v). What is the tens digit of q(-8)?
2
Let h be (-2)/7 - 1712/(-14). Suppose 5*l - h = -27. What is the units digit of l?
9
Suppose 25 = b + 4*b. Suppose -4*z + 2 = -4*v + 6*v, 2*v + b*z - 2 = 0. What is the units digit of 12/16 + v/4?
1
Let r(h) = -h**3 + 4*h**2 + h - 2. Let o be r(4). Suppose u - 18 = -o*u. What is the units digit of u?
6
Let s(w) = 34*w + 2. What is the tens digit of s(1)?
3
Suppose 9*k - 26 = 7*k. What is the units digit of k?
3
Suppose 3 + 6 = 3*m, 157 = 2*r - m. What is the tens digit of r?
8
Let l(r) = r + 3. Let t be l(-5). Let v = 1 - 1. What is the units digit of ((v - t) + -1)*6?
6
What is the units digit of (-15)/(-5) + (-2 - -14)?
5
Let g = 15 + -9. Let o be 6*g/9*1. Suppose 5 = a + o*a. What is the units digit of a?
1
Let p = 331 - 145. What is the hundreds digit of p?
1
Suppose 0*c + 816 = 6*c. What is the units digit of c?
6
Suppose -2*v + v = 1, 3*v + 1 = -j. Let w(p) = 2*p - 2. What is the units digit of w(j)?
2
Let t = -81 - -151. What is the tens digit of t?
7
Suppose 0 = -12*z + 13*z - 22. What is the units digit of z?
2
Let x be 0/2 + 3 + 2. Suppose 0*w + 10 = x*w. What is the units digit of w?
2
Suppose 0 = 5*a - 5, 4*j = a + 2*a + 85. What is the units digit of j?
2
Let u(d) = d**2 + 13*d + 12. Let b be u(-12). Suppose 33 = -b*i + 3*i. What is the tens digit of i?
1
Let v = -54 - -30. Let n be (-1)/(-3) + (-88)/v. What is the units digit of 24/10 - n/10?
2
What is the units digit of ((-3)/4 - 13/4) + 165?
1
Let b = -141 - -236. What is the units digit of b?
5
What is the tens digit of 2*(-14)/4*-4?
2
Let t = 56 - 40. What is the units digit of t?
6
What is the units digit of (-1*87)/(5 + 5 + -11)?
7
Let q = 18 - 17. What is the units digit of q?
1
Suppose 0 = v + 2 - 15. Let x = v + -8. What is the units digit of x?
5
Suppose j = -5*q + 5, j + 5 = -5*q - 2*j. Suppose a + q = 15. What is the units digit of a?
3
Let n(j) = 8*j**3 - 3*j**2 + 4*j - 3. Let w be n(2). Let t = w - 33. Suppose -t = -2*r - r. What is the units digit of r?
8
Let o(y) = 3*y - 4. Suppose -5*s = -21 - 9. Let d be o(s). Suppose -d = 2*p - 4*p. What is the units digit of p?
7
Let h be (-14)/(-21) + 2/6. What is the tens digit of (-2)/h*(-10 - -2)?
1
Let u = 13 - 5. Let r(o) = -2*o**2 + 19*o + 8. Let c be r(10). Let s = c + u. What is the units digit of s?
6
Suppose -5*p + 5*o = -28 - 27, -4*p - 5*o = -8. Let v = -4 + p. What is the units digit of v?
3
Suppose -9*m + 546 = -2*m. What is the tens digit of m?
7
What is the tens digit of (-1)/(3 + (-328)/108)?
2
Suppose 5*i + 4 = 34. Let c(n) = 2*n + 7. Let o be c(i). Suppose -19 = -5*m - 3*x + o, 2*x = 2. What is the units digit of m?
7
Let y(q) = -q**3 - 5*q**2 - 4. Let b be y(-5). Let o = 10 + b. Suppose -2*i = -o - 16. What is the tens digit of i?
1
Suppose n = 3*w - 245, 3*w + 2*n = -32 + 262. What is the tens digit of w?
8
Let f = 116 + -114. Suppose 0*u - 5*u + 140 = 0. Suppose f = -2*y + u. What is the tens digit of y?
1
Let i = 17 - 10. Let h = 16 - i. What is the units digit of h?
9
Let o be (-2)/4 - 15/(-6). Suppose k - o - 8 = 4*g, 2*k + g - 20 = 0. What is the units digit of k*(-1 - 14/(-10))?
4
Let w = -2 + 12. What is the units digit of w?
0
Suppose -2*f + 7*r = 4*r - 14, -r - 2 = 0. What is the units digit of f/(-6) + 42/9?
4
What is the units digit of ((-1)/(-2)*-2)/(-3)*243?
1
Suppose -5*i + i + 444 = 0. What is the units digit of i?
1
Let n(a) = a**2 - 3 + 8 - 4. Let r be n(-1). What is the units digit of 4/6*3/r?
1
Suppose f = m - 2*f - 194, 4 = f. What is the units digit of m?
6
Let l(n) = 3*n**2 - 10*n - 3. What is the units digit of l(8)?
9
Let l be 4/(-3)*(-3)/2. Let k = l + -4. What is the units digit of 11/((4/k)/(-2))?
1
Let v(q) = 4*q**2 - 9*q + 1. What is the tens digit of v(3)?
1
Let w(x) = -x**2 - 8*x - 2. Let z be w(-7). Suppose 5 = -0*v - z*v. Let g(r) = -4*r - 1. What is the units digit of g(v)?
3
Let x(b) = -b**3 + 5*b**2 + 7*b - 2. Let u be x(6). Suppose -4*l = -u*t - 96, -4*l + 3*t + 64 = -31. What is the tens digit of l?
2
Let v(j) = j**2 + 6*j + 3. Suppose 0 = -2*m + 6*m + 28. What is the tens digit of v(m)?
1
Suppose 3*l - 2*l - 3*u - 39 = 0, -5*l - 3*u + 231 = 0. What is the units digit of l?
5
Let o(y) = 2*y**3 - 5*y**2 + 2*y. What is the tens digit of o(6)?
6
Let u = 128 + 5. What is the hundreds digit of u?
1
Suppose j - 15 = 40. Suppose -3*q - 2*q = -j. What is the tens digit of q?
1
Let o(p) = 20*p**2 + 7*p + 6. What is the hundreds digit of o(-3)?
1
Let f = 23 - 13. Let t = f - -4. Suppose 0 = s - 2*v + 1, -4*s = -2*v - t. What is the units digit of s?
5
Let w(a) = 2*a**3 + 4*a - 4. Let c be w(2). What is the tens digit of ((-8)/(-10))/(c/250)?
1
What is the tens digit of 12/(-10)*(-1100)/30?
4
Let q(l) = l**3 + 10*l**2 + 3*l - 13. Let y be q(-10). Let r be (-3)/(-2) + y/(-2). Suppose -r = -t - 3. What is the tens digit of t?
2
Suppose 6 + 21 = 3*l. What is the units digit of 6/((-4)/((-24)/l))?
4
Suppose 31 = 5*l + 6. Suppose v - 20 = 3*a, 18 = -l*a + 3. What is the tens digit of v?
1
Let y = -11 - -7. Let f be (y/8)/((-1)/2). What is the tens digit of 1*(-10)/(f/(-1))?
1
What is the tens digit of (86/2)/((-13)/(-13))?
4
Suppose 4*x - 194 = 5*s, 0 = 2*x + 5*s - 84 + 2. What is the units digit of x?
6
What is the tens digit of (27/15)/((-4)/(-380))?
7
Suppose 15 + 24 = i. What is the tens digit of i?
3
Let t = -5 - -9. Let y = 12 + t. What is the units digit of y?
6
Let n = 40 - 16. What is the units digit of n?
4
Suppose 5*r - 9 = 141. What is the tens digit of r?
3
Suppose 0*u - 10 = -2*u. Suppose 2*p - 2 = -u*h, -7 + 6 = 5*h - p. Suppose -d + h = -2. What is the units digit of d?
2
What is the units digit of (-12)/(-3) + -1 + 39?
2
Let m(q) be the first derivative of -q**3/3 - 5*q**2 + 8*q + 1. What is the units digit of m(-10)?
8
Suppose -w = 4*w - 105. What is the units digit of w/35 + (-4)/(-10)?
1
Let j = -30 + 44. What is the units digit of j?
4
Suppose 3*y - 18 = -3*h, 5*y + 4*h - 2*h - 21 = 0. Suppose y = g - 0*g. What is the units digit of g/1 - (-4 + 3)?
4
Suppose -c - y - y - 12 = 0, -3*c - 5*y - 33 = 0. Let d be (1 - -1)*(-3)/c. What is the units digit of -3 + 1 - (-15)/d?
3
Let a(j) = 2*j**2 + 6*j - 3. Let l(v) = v**2 + 1. Let w(m) = -a(m) + 3*l(m). What is the units digit of w(5)?
1
Let x = 17 + -17. Suppose 4*s - 5*i - 121 = x, -2*i + 129 - 43 = 4*s. What is the units digit of s?
4
What is the units digit of 5/((-135)/6) - 1526/(-63)?
4
Let h be ((-48)/9)/(8/(-12)). Suppose -2*n + h = -0*n. What is the units digit of n?
4
Suppose 0*w - 20 = -4*w. Suppose -65 = -w*z - 0*z. What is the tens digit of z?
1
Let m(l) = 0*l**2 + 1 + 8*l + 3 - l**2 - 5. Let u(o) = o. Let p(i) = m(i) - 5*u(i). What is the units digit of p(2)?
1
Let x(s) = -2*s - 8. What is the units digit of x(-6)?
4
Let h = 6 - 3. Suppose h*v - 12 - 18 = 0. What is the units digit of v?
0
Let j = -19 + 51. What is the units digit of j?
2
Let l = -44 + 68. What is the units digit of ((-3)/1)/((-9)/l)?
8
Suppose -2*o - 4*t - t - 12 = 0, 5*o = 2*t - 1. Let b(c) = -c + 6. Let n be b(4). Let l = n + o. What is the units digit of l?
1
Let v = -3 + 5. Suppose -20 = -6*l + v*l. What is the units digit of l?
5
Suppose 53 = 3*t + 11. What is the tens digit of t?
1
Let u(r) = -r**3 - 5*r**2 + r + 7. Let v be u(-6). Let j = v - 8. What is the units digit of j?
9
Let q(f) = 4*f**2 - 5*f + 5. Let h(w) = 13*w**2 - 16*w + 16. Let y(j) = -2*h(j) + 7*q(j). What is the units digit of y(5)?
8
Suppose 4*l - 3 - 15 = -2*m, -4*l = -2*m - 14. Suppose -4*f = q - 9, -l*f + 3*f 